20203 + -12020?
2123
In base 11, what is -28 + -52268?
-52295
In base 3, what is -222120 - -210120?
-12000
In base 15, what is 695daa + 3?
695dad
In base 7, what is 1056200 + -1?
1056166
In base 10, what is 12769 + -1?
12768
In base 4, what is -111 - -21321031?
21320320
In base 15, what is 43774 + 5?
43779
In base 15, what is d156 - 8?
d14d
In base 8, what is -2 - 261151?
-261153
In base 7, what is -11023 - -3?
-11020
In base 14, what is 1a2 + -1b?
185
In base 15, what is -861e + -6?
-8625
In base 6, what is -1 + 1313023?
1313022
In base 2, what is -10 - 10011110011101100001?
-10011110011101100011
In base 9, what is -7013 + -17?
-7031
In base 7, what is 6121241 - -4?
6121245
In base 4, what is -30302 - -102322?
12020
In base 7, what is 0 - 6063132?
-6063132
In base 16, what is 6c + b7?
123
In base 6, what is -4 + -51052?
-51100
In base 3, what is 10010 + 10100?
20110
In base 7, what is -5 + -16121?
-16126
In base 9, what is 26888 - -7?
27006
In base 14, what is 3 - -3287?
328a
In base 14, what is 2 + 1d26?
1d28
In base 7, what is -12105 + -2?
-12110
In base 10, what is -78 + -5380?
-5458
In base 11, what is -488 + -18a?
-667
In base 12, what is -91 - -5642?
5571
In base 7, what is -50 - 136541?
-136621
In base 7, what is 233300 - -1?
233301
In base 7, what is 5 - -212642?
212650
In base 4, what is -13 - 31201?
-31220
In base 7, what is -51413 + -6?
-51422
In base 12, what is a5895 - 4?
a5891
In base 11, what is -95668 - 2?
-9566a
In base 12, what is 1 - 421a7?
-421a6
In base 11, what is 86415 - 2?
86413
In base 15, what is -6 + -722b?
-7232
In base 11, what is -643 - 234?
-877
In base 4, what is -3 - 2231202?
-2231211
In base 5, what is 4 - 144412?
-144403
In base 16, what is 1892 - 2d?
1865
In base 8, what is -142050 + 20?
-142030
In base 2, what is 10000010011100001 - 101?
10000010011011100
In base 2, what is 100010000110010 + 11?
100010000110101
In base 11, what is -33232 + -2?
-33234
In base 3, what is 22 - -10012200001?
10012200100
In base 3, what is 10 - 121011?
-121001
In base 8, what is -73225 + -1?
-73226
In base 14, what is -39018 + -4?
-3901c
In base 8, what is 5377 - 50?
5327
In base 15, what is 7 - -514?
51b
In base 7, what is -4623 - -5234?
311
In base 13, what is 72 + 260?
302
In base 6, what is -5 + 513550?
513541
In base 6, what is 1210422 + -1?
1210421
In base 4, what is 1112 - -2332?
10110
In base 5, what is -1213341 + -10?
-1213401
In base 9, what is 26056 + -46?
26010
In base 7, what is 1 + 2112020?
2112021
In base 8, what is -7154 - 2?
-7156
In base 16, what is -dbc + -19?
-dd5
In base 13, what is 199a9 + -5?
199a4
In base 12, what is 8b + -1a429?
-1a35a
In base 15, what is 6 + 4135?
413b
In base 4, what is 11330233 + 233?
11331132
In base 8, what is 16666 + -53?
16613
In base 8, what is -1306457 + -4?
-1306463
In base 14, what is -5 - -393dcd?
393dc8
In base 10, what is -152846 - -6?
-152840
In base 6, what is 43010 + 2?
43012
In base 11, what is 303 + 447?
74a
In base 9, what is -841 - 38?
-880
In base 5, what is 124222301 + 1?
124222302
In base 9, what is 330 + 8584?
10024
In base 5, what is 12 + 4344?
4411
In base 2, what is -1 - 100100010001110100001?
-100100010001110100010
In base 8, what is 1747555 + -1?
1747554
In base 12, what is -92 - -20104?
20032
In base 6, what is 11 - -42401?
42412
In base 3, what is -111 - 101102022210?
-101102100021
In base 15, what is 49529 - 2?
49527
In base 5, what is -20142 - -14?
-20123
In base 12, what is b6 - -128?
222
In base 9, what is -348540 - 1?
-348541
In base 4, what is 2001 + 30?
2031
In base 13, what is 438 + 2a5?
710
In base 9, what is -328 - -61?
-257
In base 15, what is -2 + -3736?
-3738
In base 15, what is 7a66 + -1?
7a65
In base 5, what is -1214 - -21110?
14341
In base 3, what is 22121001002101 - 2?
22121001002022
In base 2, what is 101101 - 10011110110?
-10011001001
In base 3, what is -2201 + -102021?
-111222
In base 10, what is 7012 + -3?
7009
In base 3, what is 2 - -111212222?
111220001
In base 3, what is 12111111 - -112?
12112000
In base 11, what is -2 - -459a?
4598
In base 11, what is 10 + 58712?
58722
In base 2, what is 10 + 1000011100000?
1000011100010
In base 12, what is 1 - 3301?
-3300
In base 11, what is 36773 + 3?
36776
In base 10, what is 16478 - 13?
16465
In base 3, what is 1020 - -2110?
10200
In base 9, what is 522 - 7?
514
In base 16, what is 59ff + -5?
59fa
In base 7, what is 113 - -650?
1063
In base 11, what is -188 + 53?
-135
In base 10, what is -688 - -86?
-602
In base 9, what is 18678 - 3?
18675
In base 7, what is 406 + -13105?
-12366
In base 12, what is -14614 + -1?
-14615
In base 4, what is -3 - -302133?
302130
In base 8, what is -542 - 3116?
-3660
In base 9, what is -1 - -284442?
284441
In base 7, what is 5 + 326203?
326211
In base 15, what is -1 + 323ae?
323ad
In base 5, what is -10330 + -1442?
-12322
In base 10, what is 1128 - 86?
1042
In base 13, what is a75 + 10?
a85
In base 12, what is -14 + -12a57a?
-12a592
In base 4, what is 300 - 113201?
-112301
In base 9, what is 16 + 54346?
54363
In base 3, what is 102 + -222221101?
-222220222
In base 8, what is -1 - 22420?
-22421
In base 3, what is 2120 - 222001?
-212111
In base 7, what is 612 - -40613?
41525
In base 5, what is 22324 + 1110?
23434
In base 13, what is 4452c - 1c?
44510
In base 2, what is 0 - 1001000011110?
-1001000011110
In base 11, what is 19 + 1810?
1829
In base 8, what is -4337 + 1352?
-2765
In base 5, what is -2 - 434424?
-434431
In base 4, what is 1 + 121131100?
121131101
In base 15, what is -1 - 13519?
-1351a
In base 13, what is 41 - 10098?
-10057
In base 5, what is -1243 + -101?
-1344
In base 4, what is -2121001300 - 2?
-2121001302
In base 9, what is -11801 - -2?
-11788
In base 14, what is -1b8 + 975?
79b
In base 4, what is 13013321 - 10?
13013311
In base 14, what is -15 + 793?
77c
In base 3, what is -1210111 - -20100?
-1120011
In base 4, what is -121 - -30?
-31
In base 10, what is -273137 + 7?
-273130
In base 3, what is 2120101011 - 0?
2120101011
In base 9, what is 341 - 172?
158
In base 4, what is -12321 + -1022111?
-1101032
In base 13, what is 23 - -4ca9?
4ccc
In base 6, what is -14 + -53104?
-53122
In base 5, what is 0 + -13013032?
-13013032
In base 7, what is 3411 + -1410?
2001
In base 5, what is -1223001 + 20?
-1222431
In base 2, what is -1000000111001011 + -110000?
-1000000111111011
In base 13, what is -5 + 5903?
58cb
In base 7, what is -524 + -22?
-546
In base 4, what is -23222133 + 202?
-23221331
In base 4, what is 11230 + 1013?
12303
In base 12, what is -1023 + 2a?
-bb5
In base 15, what is e55 - -28?
e7d
In base 12, what is 8656 - 20?
8636
In base 10, what is -2233 + -53?
-2286
In base 7, what is -431 + 1144?
413
In base 8, what is -202 - -54605?
54403
In base 8, what is -271051 - 5?
-271056
In base 7, what is -60625 - 3?
-60631
In base 3, what is -1 + 101120102?
101120101
In base 14, what is -99a + -2?
-99c
In base 2, what is -10001011001011 + -11000?
-10001011100011
In base 11, what is -3 - 25258?
-25260
In base 3, what is -220212121 + 0?
-220212121
In base 6, what is 231102 + -15?
231043
In base 9, what is 342218 + -21?
342187
In base 14, what is -72 - -528?
496
In base 10, what is 1 - -133486?
133487
In base 10, what is -103481 + -15?
-103496
In base 2, what is 110000011 + 1011101101?
10001110000
In base 13, what is -26cc3 - 29?
-2701c
In base 15, what is -26c0 + -4?
-26c4
In base 15, what is -7914 + 1?
-7913
In base 5, what is -32 - -12314322?
12314240
In base 11, what is -1a87 + 13?
-1a74
In base 13, what is -3 + 9189?
9186
In base 7, what is -155 - 23?
-211
In base 15, what is -95 + 4b?
-49
In base 14, what is 5 - 110a?
-1105
In base 15, what is 61dec0 - 2?
61debd
In base 7, what is 20 + -1123?
-1103
In base 7, what is 21150 + -3?
21144
In base 14, what is -324c - -1?
-324b
In base 6, what is -213225 - 0?
-213225
In base 2, what is 10000110100 - 1000001110?
1000100110
In base 4, what is -1 + 222221?
222220
In base 7, what is -431155 - -13?
-431142
In base 11, what is -5a6 + -8?
-603
In base 3, what is -1120001211 - -21?
-1120001120
In base 6, what is 243530 + -3?
243523
In base 15, what is -b59 - -e?
-b4a
In base 4, what is 11300230 + 30?
11300320
In base 11, what is 77 - 19?
59
In base 8, what is 1 + -734517?
-734516
In base 9, what is -468030 + -5?
-468035